 b**2 + 10*b + 1. Let h be s(m). Suppose 2*j - 15 = -h. Is j a multiple of 2?
False
Suppose 6*m - 5*l - 17 = 3*m, 2*m - 4 = -4*l. Suppose -12 = -m*v, -5*g = -4*v - 340 - 93. Is 15 a factor of g?
False
Let n be 1*3*(-14)/(-42) - 0. Is 16/(-5 - -4)*(-4 - n) a multiple of 16?
True
Suppose -2*l = -3*l + 31. Suppose 56 = 4*i - 2*s, -5*s + l = 3*i - s. Let t = i + 82. Does 21 divide t?
False
Let r = 581 - 75. Is 11 a factor of r?
True
Suppose -n - o = o - 33, 0 = -5*o + 15. Does 3 divide n?
True
Suppose -455 = -2*b - q + 81, 2*b - 560 = 5*q. Does 45 divide b?
True
Suppose -36 = -3*j - 0*j. Let i = -46 + j. Let h = 22 - i. Does 12 divide h?
False
Suppose -5*p = -68 - 122. Let f = 13 - 9. Suppose f*g - 242 + p = -4*i, -4*i + 66 = g. Is g a multiple of 15?
False
Suppose 3*c = 5*u + 20, -3*u + 6 = 3*c - 6. Suppose c*n + 28 = d, n + 74 = -d + 3*d. Suppose 2*g = -5*p + 81, -4*p - d + 266 = 5*g. Is g a multiple of 24?
True
Let g = -680 - -808. Is 4 a factor of g?
True
Suppose j - 5*j + 100 = 0. Is j a multiple of 4?
False
Suppose u - 2*o - 10 = 5, -5*o + 3 = 2*u. Suppose -u = -j + 19. Is 18 a factor of j?
False
Let f = 17 - -6. Let w = 23 - f. Suppose w = 19*m - 14*m - 110. Is m a multiple of 8?
False
Is 4 a factor of (-20)/(-3)*25944/460?
True
Suppose -2 + 14 = 4*g. Suppose -16 = -g*d - 1. Suppose 0 = d*i - 0*i - 50. Does 3 divide i?
False
Suppose 3*n - 4*z = 1928, 7 = z + 3. Suppose 0 = -19*s + 7*s + n. Is s a multiple of 18?
True
Let h = 1515 + 658. Is h a multiple of 53?
True
Suppose -9*b + 428 = -7*b. Is 78 a factor of b?
False
Let r = -883 + 1121. Is r a multiple of 33?
False
Suppose u - 85 = 17. Is 8 a factor of u?
False
Suppose -3*i + 3*y - 8*y = -695, y - 715 = -3*i. Suppose 16 = -7*l + i. Is 6 a factor of l?
False
Let p be (0 - -1)*(3 - 2). Suppose 5*z + 8 - p = -2*t, -2*z = -4*t + 22. Suppose 103 + 49 = t*c. Is c a multiple of 9?
False
Let y be (0 + -3)/((-3)/1275). Suppose 2*a - y = -5*g - 2*a, -5*a + 1275 = 5*g. Suppose -t + 4*v + 46 = 0, -v = 5*t + 88 - g. Is 15 a factor of t?
False
Let u = -1 - -1. Suppose u*p - 34 = -p - 2*l, 3*l + 191 = 4*p. Suppose -z + 3*z - p = 0. Does 9 divide z?
False
Suppose 0 = 4*h - 4585 + 825. Is 25 a factor of h?
False
Let h = 525 + 92. Does 9 divide h?
False
Let f = 83 - 17. Let h = f - 21. Does 15 divide h?
True
Suppose -5*g + 5*m = 1455, 0 = -5*g + 4*m - 1021 - 439. Let q = g + 131. Is 24 a factor of (8/10)/((-2)/q)?
False
Suppose -4*o + 3*d + 42 = 0, -10*o + 6*o + 58 = 5*d. Is o a multiple of 2?
True
Let t = -78 - -99. Suppose -315 - t = -4*v. Is 21 a factor of v?
True
Suppose -4*u - 3*r + 707 = -1952, -4*u = -r - 2655. Does 41 divide u?
False
Suppose -21064 = -4*a + 44*r - 45*r, 3*r = 3*a - 15783. Does 15 divide a?
True
Let w(r) = r**2 - 12*r + 13. Let u be w(-9). Let o = u + -80. Is o a multiple of 20?
False
Let p(r) = -2*r - 11. Let g be p(7). Is (23 + g)*((-99)/2 - -1) a multiple of 9?
False
Let f(m) = 3*m**2 - 4*m + 13. Let q(s) = -3*s + 13. Let o be q(6). Is f(o) a multiple of 12?
True
Suppose -3*v + 22 - 568 = 0. Let b = v + 14. Let k = -116 - b. Is 13 a factor of k?
True
Let j be 15/7 + ((-12)/(-3))/(-28). Let r(i) = 11*i**3 + 4*i**2 - 2*i - 1. Is r(j) a multiple of 21?
False
Let a(j) = 3*j**2 + j + 180. Does 28 divide a(13)?
True
Let a be (-2 + (0 - 1))/(-1). Let z(f) = -10 + 2*f**2 + f**a + 3 + 6. Is 9 a factor of z(3)?
False
Let w be (-1)/(6/4*(-52)/78). Is 44 a factor of 32 + 92 - 4/(w - -1)?
False
Suppose 4*u - 437 = 2*u - n, -u - 5*n + 241 = 0. Suppose -54 = -6*x + u. Is x a multiple of 9?
True
Suppose 18 = 2*b + 4. Let d = b - 3. Suppose n + a + d*a + 7 = 0, 35 = 4*n - a. Does 4 divide n?
True
Suppose -10*i + 636 = 2*i. Is i a multiple of 35?
False
Let a(k) = -k**2 + 8*k - 9. Let y(s) = -s. Let r(x) = -a(x) + 2*y(x). Let l be r(9). Suppose l = 4*i + 4*d - 93 + 9, -3*i + 38 = -2*d. Is 5 a factor of i?
False
Suppose 0 = -14*v + 19*v - 2180. Does 14 divide v?
False
Let n be 4/(-10) - 154/(-35). Suppose -5*s + 34 = -n*s. Is 34 a factor of s?
True
Let u(k) = -6*k + 3 - 3 - 5 + 2. Let i be u(-6). Let a = i - 14. Is a a multiple of 11?
False
Let m(x) be the third derivative of x**6/120 - x**5/10 - 7*x**4/24 + 5*x**3/2 - 5*x**2. Does 13 divide m(7)?
False
Let n(m) = -7*m**3 - 41*m**2 - 4*m - 6. Is 27 a factor of n(-6)?
True
Suppose 0 = 2354*c - 2347*c - 28980. Is 36 a factor of c?
True
Suppose -5*a + 53 + 117 = 0. Does 17 divide a?
True
Let i = -31 - -223. Is i a multiple of 16?
True
Suppose 0 = u - 5*h + 9, 0 = 2*h + 1 - 3. Is u/14 - 2186*3/(-21) a multiple of 13?
True
Suppose 7*o = 22 + 314. Is o a multiple of 48?
True
Suppose 3*z - 999 = -4*h, 42 - 309 = -h + 5*z. Does 12 divide h?
True
Let s be (2/1)/2*-13. Let w(j) = 0*j**2 - 146 + 3*j + 136 + j**2 + 6*j. Is 14 a factor of w(s)?
True
Let n(q) = 2*q + 20. Let l be n(-8). Suppose 0 = 3*u + l*h - 105, 39 = 2*u - 3*h - 14. Does 26 divide u?
False
Let l = 24 + -16. Let j(f) = f**2 - 4*f - 8. Let h be j(l). Suppose -3*s + 2*s = -g - h, -78 = -4*s - 5*g. Is 11 a factor of s?
True
Let s(f) = 23*f**2 + 73*f - 9. Is s(-4) a multiple of 21?
False
Let p(y) = -5 + 49*y - 10*y - 1. Let h = 75 - 72. Is p(h) a multiple of 30?
False
Let a(t) = 2*t**2 - 2*t - 4. Suppose -2 = 2*d + 14. Is a(d) a multiple of 20?
True
Suppose -3*u - l = -124, 11*l - 136 = -3*u + 7*l. Does 20 divide u?
True
Suppose 5 = 3*y - 16. Suppose 6*d = -s + y*d + 45, 5*s - 222 = 2*d. Is 21 a factor of s?
False
Suppose -10*v - 2329 = -13*v - 5*c, -3*v + 2335 = -c. Is 15 a factor of v?
False
Let d = -4 - -9. Suppose d*x + 9 = 2*b, 2*b - 1 = 2*x + 5. Does 6 divide 1/(x + 39/36)?
True
Let p(d) = 31*d - 10. Let i be p(5). Suppose 4*f - 3 - 1 = 0, -4*u = -3*f - i. Is 19 a factor of u?
False
Let y(p) = p**3 + 7*p**2 - 8*p + 4. Let r be y(-8). Let o = 9 - r. Suppose -o*j = -7 - 8. Is j a multiple of 3?
True
Let r(z) = -z + 16. Let d be r(13). Suppose -c = -4*m + 36, 9*c - 4*c = -d*m + 50. Is 5 a factor of m?
True
Let s(f) = f**2 - 3*f - 6. Let h be (-6)/15 + (-12)/(-5). Suppose y = -y + 5*q + 37, h*y + q - 7 = 0. Is s(y) a multiple of 9?
False
Does 5 divide 1200/36*30/8?
True
Let z(m) = 2*m**2 - 11*m - 6. Let d be z(6). Suppose -8*f + 11*f - 192 = d. Does 17 divide f?
False
Suppose 12 - 4 = -2*a + 4*h, 2*h + 4 = -3*a. Is (3 + -2)/1 - a a multiple of 3?
True
Let f(y) = y**3 - 9*y**2 + 17*y - 13. Is f(9) a multiple of 7?
True
Let c(j) be the third derivative of -j**6/120 + 7*j**5/60 + j**4/12 - 5*j**3/6 - 3*j**2. Let n be c(7). Let s = 9 + n. Is 6 a factor of s?
True
Let v(l) = -24*l - 425. Is v(-21) a multiple of 5?
False
Let l(t) = t**3 - 24*t**2 + 31*t + 37. Is l(23) a multiple of 17?
True
Let d = -345 + 373. Suppose -3*r = 24 - 72. Let u = d - r. Is 4 a factor of u?
True
Let g = -88 - -154. Let x = 76 - g. Is 10 a factor of x?
True
Let p = -7 + -11. Suppose -5*j = o + 10 + 5, j + 1 = 0. Let y = o - p. Does 8 divide y?
True
Let r be 1/1*26*2. Let x(z) = -65 + 0*z + 3*z + r. Is x(9) a multiple of 14?
True
Let k = 39 + 9. Suppose 9*v - 8*v = k. Does 24 divide v?
True
Let y(v) = 3*v**3 - 6*v**2 + 2*v - 11. Let w be y(6). Suppose 5*t - m - 2*m = 431, 5*t - 4*m - w = 0. Is t a multiple of 17?
True
Let y = -65 - -65. Suppose 0*t = 2*g + 2*t - 324, y = -4*g - t + 642. Is 16 a factor of g?
True
Let j(x) = 3*x**2 + 2*x - 29. Is j(-9) a multiple of 23?
False
Let x = -22 + 34. Let k = 30 - x. Is k a multiple of 18?
True
Suppose -493 = 4*o + 2*c - 1869, -3*o - 4*c = -1032. Suppose 5*p - 381 = o. Let i = p - 83. Does 15 divide i?
False
Suppose -42*j + 41*j = -2*g + 8305, 0 = -g - j + 4157. Is g a multiple of 53?
False
Is (-8308)/(-20) - (6/(-10) - 0) a multiple of 26?
True
Suppose 4*g - 334 = -5*k, -6*g + 2*k = -g - 434. Let v(z) = -z**2 + 7*z - 3. Let h be v(6). Suppose -5*m + 111 = h*s, 4*m = -2*s + s + g. Does 3 divide m?
True
Let l(h) = 4*h**2 + 6*h + 22. Let n(y) = y**2. Let z(a) = -l(a) + 5*n(a). Is 9 a factor of z(14)?
True
Suppose 4*f + h = 5*f, 2*h + 4 = 3*f. Let i(t) = t**3 - t**2 - t + 5. Let o be i(0). Suppose 0 = n + f*n - o*v - 160, 0 = -4*n - 4*v + 88. Does 14 divide n?
False
Let m = -10 + 12. Suppose -1 = m*s - 5. Is 11 a factor of 0 - (0 - s) - -9?
True
Is 9 - (-2*1 + 0/(-29)) a multiple of 3?
False
Suppose -4*d - 46 = -b, d + 44 - 160 = -4*b. Let k = b - 17. Suppose -4*a + k = -31. Does 11 di